- -2). Suppose -4*d = g - l*g + 1, 3*g - 5*d + 1 = 0. Suppose -18 = -g*i + 24. Does 14 divide i?
True
Suppose 2*g = g - 2. Let y(q) = q. Let t(k) = -10*k - 1. Let s(d) = t(d) + 3*y(d). Does 5 divide s(g)?
False
Let p be 8*(-8)/6*-3. Let f = p - -64. Does 24 divide f?
True
Let l be 1/((-6)/(-4))*3. Let f(u) = 0*u**l + 0*u + u**2 + 1 + 5*u. Is f(-7) a multiple of 15?
True
Suppose 0*v - 3 = -v. Suppose 7*t - 52 = -4*p + 3*t, 4*t = -v*p + 36. Is 4 a factor of p?
True
Let l = 53 + -29. Is 4 a factor of l?
True
Let p(z) be the first derivative of z**3/3 - z**2/2 + 17*z - 1. Let k(a) = -a - 3. Let h be k(-3). Is p(h) a multiple of 17?
True
Let j = -1 - -7. Is 10 a factor of (-3)/((-2)/(56/j))?
False
Let f(a) = a - a - a + 0. Let x be f(2). Is (-5 - -6)/(x/(-46)) a multiple of 10?
False
Let z(h) = h**2 - h - 2. Let o be z(3). Suppose 2*w + 0 - o = 0. Is w even?
True
Let n be 96/(-54) - 2/9. Let l be 0/(2*n + 3). Suppose -4*u + 130 = -5*s, -5*u + l*s = -3*s - 169. Is u a multiple of 17?
False
Let x(b) = 4*b**2 + 2*b + 1. Suppose -z - 5*g = 17, g - 6*g - 8 = 4*z. Let p be (-4)/z*(-6)/(-4). Is x(p) a multiple of 13?
True
Suppose 0 = -5*l + 183 + 172. Is 23 a factor of l?
False
Let y(z) = -6*z**3 + z**2 + 2*z. Let n be y(-2). Is n + (-5 - -2) + -1 a multiple of 22?
True
Let l be (2/4)/((-1)/(-4)). Suppose 0*v + v - 4 = 0. Suppose l*s - 11 = 5*y - v*y, 7 = s - 2*y. Does 5 divide s?
True
Let o = 232 + -52. Does 10 divide o?
True
Suppose 0 = f + 1. Is 22 a factor of (88/10)/(f/(-5))?
True
Does 8 divide (-34)/5*(-65)/13?
False
Let o(f) = -2*f - 3. Let x be o(-3). Suppose -5*w + 5*a = 35, 1 = -x*w + 2*a - 17. Let v = 27 + w. Does 23 divide v?
True
Suppose 0*z - 5*z = 0. Let g = z - -8. Is 3 a factor of g?
False
Let f be -5*(3/(-3) + -2). Suppose 2*m - f = 5*s, 5*s = m + 6*s + 3. Suppose m = 5*l - 10, -9 = -3*o + 2*l + 56. Does 19 divide o?
False
Let a(d) = 4*d**2 - 3*d + 2. Is 2 a factor of a(1)?
False
Let i(o) = 18*o - 58. Does 32 divide i(19)?
False
Let m(q) = -56*q**3 - 2*q - 1. Let v(j) = -j**2 + 7*j - 7. Let l be v(6). Is m(l) a multiple of 25?
False
Let o = 15 - 9. Let f be 6*(-1)/(1 - 0). Is 18 a factor of 9/o*(-184)/f?
False
Suppose -93 = -3*t + 5*a - 3*a, -2*t + 62 = 3*a. Is 10 a factor of t?
False
Let f(g) = g**3 + 5*g**2 + 6*g + 3. Let t be f(-4). Let s be -1*(0 + -1) + 11. Let h = s + t. Is 6 a factor of h?
False
Let w = 12 - 3. Is 9 a factor of w?
True
Let h(f) = -4*f + 1. Let n be h(-3). Suppose 0 = -b + n. Does 13 divide b?
True
Suppose -90 = 3*u - 6*u. Is u a multiple of 6?
True
Let r(d) = d**3 + 11*d**2 - 11. Let h be r(-11). Is 4 - h - (3 - 0) a multiple of 12?
True
Let b = 45 + -26. Does 19 divide b?
True
Suppose -5*l - j - 2*j = 22, -3*l = -5*j - 14. Let x(y) = -y**3 - 6*y**2 + 7*y + 3. Let r be x(-7). Is (-2 + r)*(l + 13) a multiple of 4?
False
Let w(s) = -s**3 + 7*s**2 + s - 7. Let i be w(7). Suppose i*k = -5*k + 5. Suppose -4*f - a = -22, 0 = 4*f - 3*a + k - 15. Does 2 divide f?
False
Is 16 a factor of (-12)/((-4)/(1*48))?
True
Let r = 8 + -5. Suppose x = -r*x. Suppose -2*p - 41 = -5*s, 4*s - p + 4*p - 42 = x. Is s a multiple of 4?
False
Suppose 15*d - 540 = 5*d. Is d a multiple of 6?
True
Let n(i) = i**2 + 4*i - 3. Let b be ((-2)/(-6))/((-1)/(-12)). Is n(b) a multiple of 8?
False
Suppose 0 = -2*z + 2*j + 98, z + 133 = 4*z + 4*j. Does 47 divide z?
True
Let o(k) = 17*k**2 - 4*k. Does 15 divide o(2)?
True
Suppose 3 = 2*q - 13. Let w = -9 + q. Let j = 25 - w. Is 9 a factor of j?
False
Let g(m) = m**2 + 9. Let z(s) = -3*s**2 - 27. Let a(t) = -8*g(t) - 3*z(t). Is a(0) a multiple of 9?
True
Let y = 30 - 17. Let u = -48 - -87. Let d = u - y. Is d a multiple of 13?
True
Suppose u - 2 = -5*v + 3, u + 4 = 4*v. Let w(o) = 22*o - 1. Does 7 divide w(v)?
True
Suppose -x + 3*n + 18 = -2*n, 21 = 5*x - 2*n. Suppose -y + 16 = -5*i - 9, -x*i = -5*y + 37. Is y a multiple of 2?
False
Let h(s) = s - 7. Let n be h(5). Let g = n - -4. Suppose -4*k - g*r + 50 = 3*r, 0 = 4*r - 8. Is k a multiple of 10?
True
Let b = -22 - -21. Is b*3/(-6)*36 a multiple of 6?
True
Suppose 2*d - 2 = -2*g - 4, -4*d = -g - 11. Let w be (1/d)/((-1)/2). Is 4 a factor of (-1*8)/(w + 0)?
True
Is 2 + 2*38/(-4)*-1 a multiple of 21?
True
Let m be 1/(-1 + (-15)/(-12)). Suppose 8*x - m*x = 16. Is 2 a factor of x?
True
Suppose 399 = 6*m + 63. Is 14 a factor of m?
True
Suppose 29 = -2*h - 0*n - 5*n, -5*h + 2*n = 0. Let f(t) = -3*t**3 + 4*t + 3. Does 7 divide f(h)?
False
Let m = -19 + 139. Does 20 divide m?
True
Suppose -5*r + 33 = o, -4*o = -3*r - 0*r - 86. Is o a multiple of 5?
False
Let h be 2 - (-74 - 3 - 2). Let z = h + -56. Is 14 a factor of z?
False
Let a(w) = w**2 + 4*w - 4. Let r be a(-5). Does 17 divide (-21)/(-6)*r*12?
False
Let o(g) = 4*g - 41. Is o(11) a multiple of 3?
True
Suppose 5*o - o - 12 = 0, 0 = 3*f + o - 246. Is 11 a factor of f?
False
Let b = -170 - -238. Is 14 a factor of b?
False
Suppose 5*q + y - 16 = 0, -4*y - 5 - 3 = 2*q. Let t = q - 1. Is (2 - t)*(-7)/1 a multiple of 5?
False
Let w(v) = -v**2 - 7*v + 5. Let d be w(-8). Let t be 1/(d/(-3)) + 6. Suppose -t = -3*a + 47. Is 18 a factor of a?
True
Let h be 3/(18/(-15))*-2. Suppose o - 3 = -h*i, 2*i + 3 = -1. Suppose o = v - 3*j, 4 = v - 4*j - 10. Is v a multiple of 5?
True
Suppose -3 = q - 5*c - 15, 2*c + 6 = q. Suppose -2*d = -d - 15. Let b = d - q. Is b a multiple of 13?
True
Suppose -5*t - 17 = -237. Suppose -t = -3*b + 2*b + 3*o, 124 = 4*b + o. Is 16 a factor of b?
True
Let w = -68 - -115. Suppose 2*n - 2*c - w = c, -2*n + 59 = c. Is n a multiple of 7?
True
Suppose 577 = 5*r - 218. Suppose 0 = -b + 4*b - r. Is b a multiple of 21?
False
Let d(b) = 1 - 3 + 3 + 30*b**2 + 2*b + 0. Is 18 a factor of d(-1)?
False
Let d be 1/((3/(-81))/(-1)). Suppose 0 = 4*t - o - d + 6, -o + 15 = 2*t. Let s = -3 + t. Is 2 a factor of s?
False
Let p = 66 - 12. Is p a multiple of 30?
False
Let w be (-1)/2*(-1 + 5). Does 3 divide -3*(w + -1 - -1)?
True
Is 4 a factor of ((-7)/3)/((-5)/15)?
False
Let v be 28/(-21)*6/(-4). Let s = 1 + v. Suppose n - 22 = -2*q, q = s*n - 29 - 65. Does 15 divide n?
True
Let a(m) = 2*m**3 - 2*m**2 - 3 + 2*m**2 - m. Let x be a(3). Suppose -2*g + x = g. Does 8 divide g?
True
Let n = 5 + -3. Suppose b + n*b = 2*v + 72, 4*b - 96 = -5*v. Is 12 a factor of b?
True
Let v(f) = -f**3 + 8*f**2 - 7*f + 5. Let o be v(7). Let a = o - -13. Does 11 divide a?
False
Suppose 0*j - 4*j = -3*h - 1, -5*j = -20. Does 3 divide h?
False
Let v(k) be the second derivative of k**4/12 + k**3/3 - 2*k**2 - 3*k. Is 4 a factor of v(-4)?
True
Let v(d) = 5 + 9*d + 1 - 7*d. Is 16 a factor of v(5)?
True
Suppose 3*b + b = 12. Suppose -41 + 11 = -b*c. Let y(f) = f**3 - 10*f**2 + 14. Is 7 a factor of y(c)?
True
Let b be 39/9 + 4/6. Suppose -5*k + x = -67 - 55, 0 = -b*k - 4*x + 137. Is 8 a factor of k?
False
Let b = -32 - -51. Does 19 divide b?
True
Suppose 22*k = 24*k - 74. Is k a multiple of 5?
False
Let h(v) = -v**3 + 9*v**2 + v - 3. Let a be h(9). Let y = 5 - a. Does 4 divide (1/3)/(y/(-15))?
False
Suppose -2*j - 2*a = -7*j + 23, -5*j - 4*a = -29. Suppose -j*f = -0*f. Is 7 a factor of (-2)/(f - -2) + 15?
True
Let o(u) be the second derivative of -1/2*u**3 + 3/2*u**2 + 3*u + 0. Is 15 a factor of o(-4)?
True
Let u = 2 - 2. Let z(m) = 3*m**2. Let a be z(1). Suppose -a*i + 3 = 3*k - 18, i - 3*k + 9 = u. Is i a multiple of 3?
True
Let f(o) = -4*o - 5. Let v(u) = -u**2 - 3*u - 4. Let q be v(-3). Does 5 divide f(q)?
False
Suppose -3*w + 210 = 2*w. Suppose -3*j + 0*j + 66 = 3*s, -w = -3*j + 5*s. Is 5 a factor of j?
False
Let u = 76 + -51. Suppose 0 = -0*f - f + u. Is 15 a factor of f?
False
Let y(k) = 15*k + 7. Does 37 divide y(2)?
True
Let b be 1*(2 - 0) - 0. Let a be (12 + -2)/(b/1). Suppose 0 = k - 2*t - 44, 0*t = -3*k + a*t + 130. Is 20 a factor of k?
True
Let t be (6/(-9))/(4/6). Let p = 1 - t. Is p/(8/3)*16 a multiple of 12?
True
Let m = -12 - -14. Does 2 divide m?
True
Is (-3666)/(-27) + 6/27 a multiple of 17?
True
Let v = 275 + -182. Does 14 divide v?
False
Suppose 5*h + 15 = 2*r - 284, 0 = -4*r - 5*h + 613. Does 13 divide r?
False
Suppose 12 = 5*t - t. Let q be (-3)/t + -1 - 9. Let w = 14 - q. Is 10 a factor of w?
False
Let b(h) = 2*h - 13 + 3*h**2 - h**3 + 4 + 4*h**2. Let c be b(7). Suppose c*j - 113 = -13. Is 12 a factor of j?
False
Let o(s) = 